mon factor of 11 and l?
11
Let w = 10 + -7. Let a be (-54)/(0 + -2) - w. Calculate the greatest common divisor of a and 3.
3
Let c be 396/10 - 12/(-30). Let k be (20/(-8))/((-1)/(-2)). Let d be 25*1/(k/(-2)). What is the highest common factor of c and d?
10
Suppose -u + 187 = -107. What is the highest common divisor of 42 and u?
42
Suppose 0 = -4*h + 9 + 11. Suppose 2*g - 29 = h*y + 4, 15 = g - 2*y. What is the highest common factor of 1 and g?
1
Suppose -2*w = -n + 5*n - 6, -n + 15 = -4*w. What is the highest common factor of 21 and n?
3
Let o(m) = -15*m**3 - m**2 + m + 2. Let w be o(-1). What is the highest common divisor of w and 30?
15
Let r be 2 - (2 + -3 + 2). Let j = 2 + r. Suppose 0*q + 99 = j*q. Calculate the greatest common divisor of 22 and q.
11
Suppose -h + 6*h - 15 = 0. Suppose 2*u = u - h. Let n be 25 - 1/((-3)/u). What is the greatest common divisor of n and 24?
24
Let n be 48 - -1 - (4 + -6). Let i = n + -27. Calculate the greatest common divisor of i and 12.
12
Suppose 0 = -2*a - 2*h + 4, a + 5*h + 2 = -0. Let b be (-1)/(-4) - 21/4. Let s = a - b. Calculate the highest common divisor of s and 16.
8
Suppose 15 = -0*c + 3*c. Let a = 71 + -49. Let k be 1/((c/a)/5). What is the greatest common divisor of 55 and k?
11
Suppose i = 2*i - 20. Let t(f) = -2*f + 30*f**2 + 1 + 50*f**2 - 29*f**2. Let r be t(1). Calculate the highest common divisor of i and r.
10
Suppose 0 = 5*b - 2*b - 87. Let k = 40 - b. What is the greatest common factor of k and 11?
11
Let b(y) = -y**2 + 7. Let s be b(-5). Let x be (-94)/s - 10/45. What is the greatest common factor of 40 and x?
5
Let s = 32 - 21. Let g be 2/9 + 97/9. What is the highest common factor of g and s?
11
Let o(h) = h**2 + 5*h - 6. Let n be o(-6). Suppose n = 3*f - z - 80, f + 4*z = -0*f + 44. What is the greatest common factor of 42 and f?
14
Let l(c) = c - 2. Let k be l(5). Suppose -2*j = k*j - 400. Calculate the greatest common factor of 10 and j.
10
Let x = 10 - 6. Let l(b) = 10*b - 10. Let s be l(5). What is the greatest common factor of x and s?
4
Suppose -17 = 4*a - 65. Let i(f) = -f - 2. Let h be i(-4). Calculate the greatest common factor of h and a.
2
Let b(r) = -r**2 - 4*r + 1. Let n be b(-3). Suppose n*a = 5 + 23. Suppose 0*i - 32 = -c - 5*i, 5*c - 10 = 5*i. What is the highest common factor of a and c?
7
Suppose -1 = -u + 5. Let y be -4*(1 - 2) + -2. Calculate the greatest common factor of y and u.
2
Let h(o) = 4*o - 3. Let i be h(6). Let y be 2*87/145*(-5)/(-2). Calculate the greatest common divisor of i and y.
3
Suppose 4*n - 2*n - 280 = 3*q, 4*q + n + 388 = 0. Let v be 4 + -3 - -1 - q. What is the greatest common factor of v and 14?
14
Let k = 31 + -19. What is the highest common factor of k and 30?
6
Let y(q) = 0 + 2 - 6*q - 4. Let u be y(-2). Suppose 38 = t + u. What is the highest common divisor of 14 and t?
14
Let m = 55 + -39. Calculate the greatest common factor of 24 and m.
8
Let u(w) = 14*w - 7. Let h be u(3). What is the greatest common divisor of h and 5?
5
Let m(l) = 6*l + 0*l**2 - 4*l + 1 + 3*l**2 + 4*l. Let t be m(-4). What is the greatest common factor of 225 and t?
25
Suppose -3*c + 8*c - 180 = 0. Let b be 1/2*(8 + 0). What is the highest common divisor of b and c?
4
Let k be 2*-1*(-2 - 1). Let c be k + -2 + (1 - -1). What is the greatest common divisor of 2 and c?
2
Suppose -2*f + 4*f = 16. Let r(w) = w**2 - 6*w - 3. Let v be r(7). Let y be (v + -2)*-22*-2. Calculate the highest common divisor of f and y.
8
Let l(u) = 3*u - 36. Let f be l(16). What is the greatest common divisor of f and 84?
12
Let g = 39 + -30. Calculate the highest common factor of 3 and g.
3
Suppose 4*x - 2*b = -182, 2*x + 0*b + 2*b = -88. Let i be (-639)/x - (-1)/(-5). Calculate the greatest common factor of 14 and i.
14
Let k = 0 - -17. Let u be -2*((-375)/6 + 3). Calculate the greatest common factor of u and k.
17
Let r(s) = 2*s. Let g be r(2). Suppose -5*z + 65 = 5*h, 0 = -5*h + 4*z + 17 + 39. What is the highest common divisor of g and h?
4
Suppose 2*a = -a + 9, 0 = -l - 3*a + 141. Suppose w = 6*w - 10. Suppose 9 + 15 = w*v. What is the highest common factor of l and v?
12
Suppose 7*z - 6 = 5*z. What is the greatest common factor of 33 and z?
3
Let w = -21 - -24. Calculate the greatest common factor of w and 24.
3
Let o(j) = j - 14. Suppose -5*u + 4*u = 0. Let i be o(u). Let w be (-4)/i + (-103)/(-7). What is the greatest common factor of 5 and w?
5
Let w(h) = 2*h - 6. Let p be w(11). Suppose -b - p + 40 = -3*j, -4*j = 4*b - 48. Let t be 1/((2/b)/2). What is the greatest common divisor of 30 and t?
15
Suppose -z = -r - 7, 2*z + 2 - 15 = r. Suppose -4*a + 5*f - z = 0, -2*f + 1 = -3. Let s = 2 + 2. Calculate the highest common divisor of a and s.
1
Let v(s) = -4*s - 15. Let c be v(-5). Calculate the highest common factor of c and 2.
1
Suppose -17*b + 19*b - 20 = 0. Let y = -98 + 148. What is the highest common factor of y and b?
10
Suppose 3*o + 4 = 1. Let s(y) = y - y - 66*y**3 - 1. Let r be s(o). What is the greatest common factor of 13 and r?
13
Let f be 72*(-2)/(-12)*3. Suppose 10*s - 8 = 8*s. What is the highest common divisor of s and f?
4
Let n = -2 - -24. Calculate the highest common divisor of 22 and n.
22
Suppose 2*p = -p - 3. Let b be p + 1*(3 - -40). What is the highest common factor of b and 14?
14
Let d = -125 - -216. Suppose -6 = -3*o - 0*o. Let s(j) = j**3 + 2*j**2 - 3*j + 3. Let g be s(o). What is the greatest common divisor of g and d?
13
Suppose 0 = 5*d - 161 + 41. Let p be 0/5 - (-1 - 0). Let h be p - -1 - (-14 + 0). Calculate the highest common divisor of d and h.
8
Let d be ((-6)/1)/(3/9). Let a be 20/(-6)*d/(-6). Let w be a/(-3)*12/10. What is the greatest common factor of w and 36?
4
Let o(p) = -70*p. Let b be o(-1). Suppose 2*a - 340 = -32*a. What is the highest common factor of a and b?
10
Suppose 7 = 4*g - 9. What is the greatest common divisor of 16 and g?
4
Let k(o) = 8 - 2*o**2 + 5*o**3 - 6*o**3 - 1 - 3*o - 8. Let u be (-2)/4 - (-3)/(-2). Let i be k(u). What is the greatest common factor of i and 10?
5
Suppose 3*o + v - 49 = -7, -o + v + 14 = 0. Calculate the highest common divisor of o and 35.
7
Let z be 3 - -6*1*58/3. Calculate the highest common divisor of z and 17.
17
Let r(u) = u**2 - 5*u - 4. Let w(a) = a**2 - 6*a - 5. Let i(v) = 4*r(v) - 3*w(v). Let o be i(-3). Calculate the greatest common divisor of 35 and o.
7
Suppose -3*n + 7*n = 52. Calculate the highest common factor of n and 117.
13
Suppose j + 4*j = 15. Let f(v) = 0*v**2 - 4 + 2*v**2 + 6 + v - 1. Let m be f(j). What is the greatest common factor of 2 and m?
2
Suppose 0 - 6 = -2*f. Suppose -2*o + 1068 = -y, -y - f*y - 2128 = -4*o. Let n be o/12 - 2/(-6). Calculate the greatest common divisor of 5 and n.
5
Let d = 0 - 1. Let s be (d - 0)/1 + 81. Suppose -2*p - 2*r = -0*r - 64, 5*p + r - 160 = 0. Calculate the greatest common divisor of p and s.
16
Let j be (2 - 0)/2 + 2. Suppose 4*v = j*q, -v + 2*v - 7 = -q. Let b = 12 + 21. What is the greatest common factor of v and b?
3
Suppose -4*a + 25 = -51. Suppose -4*m - 2*h + 29 - 11 = 0, 0 = 2*m + 3*h - a. Calculate the highest common factor of 16 and m.
2
Let z = 2 - -32. Calculate the greatest common divisor of 17 and z.
17
Let f = 82 + -37. Calculate the highest common factor of f and 5.
5
Let p(w) = w**3 + w**2 - 2*w - 2. Let u be p(-1). Suppose -s - 4*s + 10 = u. What is the greatest common factor of s and 6?
2
Suppose 0 = 5*m - w - 1, -m - w + 5 = 0. What is the greatest common divisor of 1 and m?
1
Let n = -23 - -26. Suppose 0 = -n*m + 2 + 16. What is the highest common factor of 6 and m?
6
Let j = 2 + 0. Let b be (-121)/(-7) - j/7. What is the highest common factor of b and 85?
17
Suppose -x = 2*m - 22, 0*x - 4*m + 84 = 4*x. What is the highest common divisor of x and 180?
20
Let r be (-11)/(-33) + 448/6. Calculate the highest common factor of 30 and r.
15
Suppose 0 = 2*y - 5*h - 9 - 37, 0 = 4*y + 4*h - 64. Calculate the highest common factor of y and 90.
18
Suppose v + v - 2*t - 16 = 0, 4 = v + t. Let n(m) = -8*m**3 + 1. Let k be n(-2). Let a = k + -41. What is the highest common factor of v and a?
6
Let i = -5 + 10. Suppose -3 = 4*t - i*t. Calculate the highest common divisor of 15 and t.
3
Suppose 0 = 6*o - 13*o + 70. What is the great